 the remainder when z/(-6) - (-2)/(-3) is divided by 18?
16
Let p(j) = 93*j - 1108. Let h(s) = -8*s + 1. Let k be h(-3). Calculate the remainder when (k/(-2) - -2)*-2 is divided by p(12).
5
Calculate the remainder when (-16)/(144/(-4131)) - 0 is divided by 21.
18
Let k = 326 + -195. What is the remainder when k is divided by 11?
10
Suppose 0*s - 440 = 2*s. Calculate the remainder when 2 is divided by s/(-180) + (-2)/9.
0
Suppose 5*x - 45 = -5. Let t = x + 13. Calculate the remainder when t is divided by 11.
10
Suppose 0 = 4*k + f - 6 - 2, -5*k + 2*f + 23 = 0. Let g(r) = 7*r + 3. Let v be g(k). Let b = v + 11. Calculate the remainder when b is divided by 19.
16
Let a = 160 - 113. Let y be (3 + -4)*(3 - 8 - -2). What is the remainder when a is divided by 1 - y - (-13 - (-1 - -2))?
11
Let b(r) = -r**3 - 12*r**2 - 13*r - 6. Suppose -3*l + 7*l + 5*x - 56 = 0, -4*l - 4*x = -52. Let g = l + -20. Calculate the remainder when 28 is divided by b(g).
12
Let h be -7 + 4 + -4 + 0. Let w = h + 64. What is the remainder when w is divided by 16?
9
Let g(m) = m**2. Let p be g(-2). Suppose 2*n + 42 = p*n. Let u = 10 - 2. Calculate the remainder when n is divided by u.
5
Suppose 3*c = 4*t - 0*t + 281, 5*c - 471 = 4*t. Let f(j) = -j**2 - 30*j + 528. What is the remainder when c is divided by f(12)?
23
Let l = 31 - 24. Let g = l - -10. Calculate the remainder when g is divided by 7.
3
Suppose 0 = 3*x + 3*r - 1083, x - 358 = -8*r + 4*r. Calculate the remainder when x is divided by 14.
12
Suppose 207 - 21 = 3*a. Suppose 2*m - 48 = m - 5*w, -3*m + 144 = -5*w. Suppose -13*y + 16*y = m. What is the remainder when a is divided by y?
14
Let o(z) = 16*z + 1. Suppose -s + 0*s - 8 = 0. Let r(b) = -8*b - 15. What is the remainder when r(s) is divided by o(1)?
15
Let t = -243 - -271. What is the remainder when 74 is divided by t?
18
Suppose d - 3*b = 2*b + 98, 0 = -4*d + 2*b + 410. Calculate the remainder when d is divided by 26.
25
Let x = 69 - 79. Let c = 9 - -4. Let v = x + c. What is the remainder when 10 is divided by v?
1
Calculate the remainder when ((-368)/2)/((-30)/15) is divided by 19.
16
Let i = -42 + 68. Calculate the remainder when 77 is divided by i.
25
Suppose 356*r = 344*r + 528. Calculate the remainder when 381 is divided by r.
29
Let t be -1 - (-1 - -1 - -3). Let u = 4 + t. Suppose 3*q - 15 = -u*q. Calculate the remainder when 7 is divided by q.
2
Suppose -5*y + 1560 = -3*l, -y + 2*l = 17 - 336. Calculate the remainder when y is divided by 15.
9
Let v be 2*3 + 8/(-4). Suppose 5*z + 2*u = -0*z - 512, -v*u = 2*z + 208. What is the remainder when 2 - z/3 - -3 is divided by 14?
11
Let v(i) = -i**3 - 2*i**2 + 6*i - 4. Let t(l) = 2*l + 3. Let k be t(-4). What is the remainder when v(k) is divided by 25/5*-1*(0 - 3)?
11
Let z(b) = 29*b - 58. Let y(x) = 10*x - 19. Let h(k) = 11*y(k) - 4*z(k). What is the remainder when h(0) is divided by 14?
9
Suppose -5*y = -3*d - 220, 5*y = 6*y + 5*d - 16. Calculate the remainder when 201 is divided by y.
37
Let f(k) = -10 + 20 + 5*k - 7 + 24. What is the remainder when 13 is divided by f(-4)?
6
Suppose 61 = 5*i + 4*x, 0 = 111*x - 113*x - 2. Calculate the remainder when 300 is divided by i.
1
Calculate the remainder when (3 - 133/35)/2*-185 is divided by 16.
10
Suppose 0 = 3*n - 4*n + 4. Let d = -7 + 12. Suppose -3*o - d = -n*o. What is the remainder when 24 is divided by o?
4
Let u(p) = p**3 + 7*p**2 + 2*p. Calculate the remainder when u(-5) is divided by 21*2*(18/(-3))/(-18).
12
Let o(h) = 9*h**2 - 4*h + 3. Let y be o(1). Suppose -165 = -5*s + 5*u, u + 157 = 5*s + y. What is the remainder when 53 is divided by s?
24
Let j = -20477 - -20507. Suppose 2*y = 5*c - 299, 5*c - 3*c - 122 = 2*y. Calculate the remainder when c is divided by j.
29
Let l be ((-60)/(-14))/(-4 - 58/(-14)). Suppose -5*y + 105 = 3*x - 3*y, -x = -y - l. Calculate the remainder when 128 is divided by x.
29
Calculate the remainder when 543 is divided by (5 - (-72)/9)*3.
36
Let t = 32 + -23. Suppose 3*k + 32 = k. Calculate the remainder when t is divided by (-8)/k*36/3.
3
Suppose -6*x = 81 - 297. Suppose a + x = 4*a. What is the remainder when a is divided by 5?
2
Let j = -92 - -10. Let g(y) = -y**3 - 6*y**2 + 3*y + 11. Let t be g(-8). Let o = t + j. Calculate the remainder when o is divided by 9.
6
Let b(v) = -v**3 + 47*v**2 + 66*v - 811. Calculate the remainder when 92 is divided by b(48).
39
Suppose -3*s - 209 = -4*m, 8*m - 7*m + 2*s = 55. Suppose -t - 23 = -0*t. Let g = t + m. Calculate the remainder when g is divided by 16.
14
Let r = -147 - -170. What is the remainder when 204 is divided by r?
20
Suppose -4*h + 4*a + 5 = -3, -3*h + 5*a = 4. Let i(v) = 2*v**2. Let t be i(-1). Suppose h*w - 140 = t*w. Calculate the remainder when w is divided by 15.
13
Suppose 4*h = o + 6*h - 57, -2*h = -o + 37. Calculate the remainder when o is divided by 11.
3
Suppose -16*r = 2*r - 342. Suppose 2*h = 3*h - 3, n + 3*h - 83 = 0. Calculate the remainder when n is divided by r.
17
Let q(b) be the first derivative of -b**3/3 + 5*b**2 - 2*b - 4. Let a = 27 - -26. What is the remainder when a is divided by q(8)?
11
Suppose -4*o + 1404 = 4*j, 4*j - 1439 = 3*o - 0*o. Calculate the remainder when 19 is divided by j/32 - 1/8.
8
Let b = -71 + 69. Let a(o) = -7*o + 4. Let x(p) = -p**2 - 6*p + 2. Calculate the remainder when a(b) is divided by x(-4).
8
Let j(w) = -w**2 - 5*w + 4. What is the remainder when (13 - 574/42) + 113/3 is divided by j(-4)?
5
Suppose 4*s - 2*v - 2426 = 0, -4*s - 5*v + 1299 = -1120. Calculate the remainder when s is divided by 19.
17
Let l(j) = j**3 + 5*j**2 - 2*j + 4. Let a be l(-6). Suppose 2*t - 174 + 34 = 0. Let g = t + a. What is the remainder when g is divided by 13?
11
Let m(p) = p**3 - 7*p**2 + 9*p - 10. Let b be ((-56)/12)/(4/(-6)). Suppose 0 = 12*v - 84 - 84. What is the remainder when m(b) is divided by v?
11
Let j(p) = -p**2 + 26*p + 33. Let a be j(19). Suppose 107 = 7*c - a. Calculate the remainder when c is divided by 21.
18
Let r(v) = -4*v**3 - 4*v**2 + 5*v + 10. Let y(d) = -d**3 - 5*d**2 + 2*d - 7. Calculate the remainder when y(-7) is divided by r(-2).
13
Suppose -5*l + 26*l = 63. Suppose -5*w + l*t + 70 + 39 = 0, -2*t + 119 = 5*w. What is the remainder when 36 is divided by w?
13
Let s = 34 + -42. Let u = 62 + s. What is the remainder when u is divided by 11?
10
Suppose j = 5*v - 124, 0 = v - j + 3*j - 27. What is the remainder when v is divided by ((0 + 3 - 29/5) + 1)*-5?
7
Let g = -29 + 68. Calculate the remainder when 191 is divided by g.
35
Suppose -148 = -4*n + 2*x, n - 82 = -n - 3*x. Let z(a) = -a + 3. Let y be z(8). Let o(w) = -2*w. What is the remainder when n is divided by o(y)?
8
Suppose 0 = 2*f - 2*h + 98, f + 5*h = h - 34. Let o = 21 + f. Calculate the remainder when 55 is divided by (o/2 + 3)*-2.
17
Suppose -o = -4*u - 0*o + 31, 0 = 5*u - 2*o - 38. Suppose 6387*n - 6388*n = -28. What is the remainder when n is divided by u?
4
Let j = 12 - 10. Let f(p) = 5*p + 4. Let g(n) = n + 1. Let k(h) = f(h) - 3*g(h). What is the remainder when 18 is divided by k(j)?
3
Let h be (-2)/1*3/2. Let i = 209 - 209. Let a = i - h. Calculate the remainder when 5 is divided by a.
2
Let n(q) = -12*q - 13. Calculate the remainder when 243 is divided by n(-4).
33
Let h(z) = -5*z**2 - 2*z. Let y be h(-1). Let j be (-1)/y*9 + 1. Suppose 0 = j*q - 255 + 51. What is the remainder when q is divided by 27?
24
Let b(v) = 2*v + 6. What is the remainder when b(42) is divided by 21?
6
Suppose -84*r + 102*r - 198 = 0. What is the remainder when 127 is divided by r?
6
Let p = -733 + 807. Calculate the remainder when p is divided by 18.
2
Suppose -15*h + 364 = -h. Calculate the remainder when 46 is divided by h.
20
Let l be 5/(-2)*28/(-35). Suppose s = 4, -l*z + 73 = z - 5*s. Suppose -4*b = 2*c - 6*c - 372, -3*b + 4*c = -282. Calculate the remainder when b is divided by z.
28
Let m(o) = 2*o**2 - 34*o + 49. What is the remainder when m(20) is divided by 45?
34
Suppose 24*y + 1559 - 8783 = 0. Calculate the remainder when y is divided by 51.
46
Let w(h) = -h**3 - 56*h**2 - 54*h + 56. Calculate the remainder when 1 is divided by w(-55).
0
Let p(i) = -i**3 - 5*i**2 + 3*i + 11. Suppose 2*t + 2*t + 24 = 0. What is the remainder when 54 is divided by p(t)?
25
Suppose -5*g - 1